410210343?
19, 74221597
What are the prime factors of 757948695?
3, 5, 7, 7218559
What are the prime factors of 1016985005?
5, 3037, 66973
List the prime factors of 1275334459.
7, 182190637
List the prime factors of 70623545.
5, 14124709
What are the prime factors of 233495808?
2, 3, 7, 13, 257
What are the prime factors of 167917778?
2, 7, 11994127
List the prime factors of 211005805.
5, 947, 44563
What are the prime factors of 119992809?
3, 19, 251, 8387
List the prime factors of 1253626249.
839, 1494191
What are the prime factors of 1647874943?
11, 13, 47, 245183
What are the prime factors of 554457296?
2, 3061, 11321
List the prime factors of 42397633.
97, 337, 1297
List the prime factors of 689937738.
2, 3, 7, 2346727
What are the prime factors of 195097110?
2, 3, 5, 13, 500249
What are the prime factors of 636207543?
3, 5167, 13681
List the prime factors of 100610759.
100610759
What are the prime factors of 50635775?
5, 17, 283, 421
What are the prime factors of 22437081?
3, 19, 61, 239
What are the prime factors of 125839844?
2, 13, 43, 167, 337
List the prime factors of 3214471591.
3214471591
List the prime factors of 73869465.
3, 5, 71, 139, 499
List the prime factors of 643970350.
2, 5, 12879407
What are the prime factors of 736515440?
2, 5, 83, 110921
List the prime factors of 40520832.
2, 3, 11, 53, 181
List the prime factors of 1440153360.
2, 3, 5, 31, 113, 571
What are the prime factors of 2889351890?
2, 5, 43, 6719423
List the prime factors of 152088798.
2, 3, 173, 146521
List the prime factors of 39298989.
3, 13099663
What are the prime factors of 1482712350?
2, 3, 5, 7, 1412107
What are the prime factors of 1174778601?
3, 37, 286043
List the prime factors of 404165058.
2, 3, 11, 6123713
What are the prime factors of 72848729?
31, 2349959
What are the prime factors of 280714331?
31, 41, 220861
List the prime factors of 442817609.
13, 31, 1098803
List the prime factors of 33535449.
3, 23, 162007
What are the prime factors of 46955828?
2, 43, 272999
List the prime factors of 577767164.
2, 13, 11110907
List the prime factors of 3681297531.
3, 71, 1920343
What are the prime factors of 1539462666?
2, 3, 7, 31, 1182383
List the prime factors of 84158323.
84158323
What are the prime factors of 271098045?
3, 5, 6024401
What are the prime factors of 63098801?
37, 79, 21587
What are the prime factors of 157754816?
2, 2464919
List the prime factors of 34447354.
2, 71, 367, 661
List the prime factors of 366544806.
2, 3, 31, 67, 439
What are the prime factors of 794868703?
3109, 255667
What are the prime factors of 54789095?
5, 43, 254833
What are the prime factors of 141358588?
2, 7, 1373, 3677
What are the prime factors of 109063936?
2, 41, 10391
What are the prime factors of 171344561?
171344561
What are the prime factors of 272173964?
2, 211, 389, 829
List the prime factors of 4033292040.
2, 3, 5, 83, 347, 389
List the prime factors of 292271891.
107, 311, 8783
List the prime factors of 47229694.
2, 571, 41357
What are the prime factors of 688031285?
5, 10007, 13751
List the prime factors of 1055224858.
2, 109, 4840481
What are the prime factors of 862239429?
3, 95804381
List the prime factors of 2438326448.
2, 251, 607153
List the prime factors of 3706489721.
11, 23, 2089, 7013
List the prime factors of 599726904.
2, 3, 7, 659, 5417
List the prime factors of 8756763.
3, 2918921
What are the prime factors of 21634457?
13, 379, 4391
What are the prime factors of 163037974?
2, 11, 19, 390043
List the prime factors of 1615893128.
2, 201986641
List the prime factors of 118351620.
2, 3, 5, 17, 38677
List the prime factors of 3115893.
3, 11, 94421
List the prime factors of 1235982107.
2393, 516499
List the prime factors of 4131155187.
3, 127, 3614309
List the prime factors of 41227693.
13, 53, 1129
List the prime factors of 754357612.
2, 239, 789077
What are the prime factors of 117514803?
3, 7, 83, 67421
List the prime factors of 6574962.
2, 3, 241, 4547
List the prime factors of 885090720.
2, 3, 5, 17, 79, 1373
List the prime factors of 66486053.
66486053
What are the prime factors of 11067989?
11067989
What are the prime factors of 1117866084?
2, 3, 269, 346303
List the prime factors of 163870095.
3, 5, 61, 79, 2267
List the prime factors of 3383323233.
3, 1127774411
List the prime factors of 1216384287.
3, 37, 331, 33107
What are the prime factors of 19261815?
3, 5, 829, 1549
List the prime factors of 66229965.
3, 5, 41, 35897
What are the prime factors of 89413414?
2, 44706707
What are the prime factors of 7142838?
2, 3, 1190473
List the prime factors of 30417468.
2, 3, 2534789
List the prime factors of 61761636.
2, 3, 571867
List the prime factors of 2095355457.
3, 13, 47, 29311
What are the prime factors of 4661229311?
127, 36702593
What are the prime factors of 660990248?
2, 8941, 9241
List the prime factors of 1219580804.
2, 13, 23453477
List the prime factors of 265340972.
2, 13, 23, 61, 3637
What are the prime factors of 6657643?
2089, 3187
What are the prime factors of 99528009?
3, 7, 109, 43481
List the prime factors of 979534007.
979534007
What are the prime factors of 1945022432?
2, 47, 1293233
What are the prime factors of 2441056640?
2, 5, 11, 269, 1289
List the prime factors of 379705218.
2, 3, 63284203
List the prime factors of 836287369.
61, 13709629
What are the prime factors of 3229952135?
5, 61, 701, 15107
What are the prime factors of 44159705?
5, 19, 103, 4513
What are the prime factors of 1335160238?
2, 667580119
List the prime factors of 369308542.
2, 7901, 23371
List the prime factors of 2426677861.
31, 293, 267167
List the prime factors of 73716233.
17, 31, 43, 3253
List the prime factors of 124929940.
2, 5, 17, 19, 83, 233
List the prime factors of 113276894.
2, 4003, 14149
List the prime factors of 2591366291.
31, 47, 57373
What are the prime factors of 70895843?
71, 599, 1667
List the prime factors of 31757476.
2, 1381, 5749
List the prime factors of 54917188.
2, 13729297
List the prime factors of 44498526.
2, 3, 7416421
What are the prime factors of 1603425799?
293, 5472443
What are the prime factors of 47863716?
2, 3, 3988643
List the prime factors of 121993507.
121993507
List the prime factors of 3205825247.
3205825247
What are the prime factors of 249117835?
5, 19, 2622293
What are the prime factors of 425826886?
2, 212913443
List the prime factors of 321409986.
2, 3, 149, 233, 1543
What are the prime factors of 3885541335?
3, 5, 13, 17, 390703
List the prime factors of 558352648.
2, 7, 1424369
List the prime factors of 205820053.
4139, 49727
What are the prime factors of 12766836?
2, 3, 1063903
List the prime factors of 19848887.
421, 47147
List the prime factors of 3146359021.
13, 59, 315551
List the prime factors of 546867801.
3, 229, 241, 367
What are the prime factors of 46283286?
2, 3, 7, 157, 7019
What are the prime factors of 7150198876?
2, 23, 157, 21523
List the prime factors of 6569618655.
3, 5, 7193, 60889
List the prime factors of 294545287.
47, 59, 106219
What are the prime factors of 61449190?
2, 5, 11, 558629
What are the prime factors of 17187060?
2, 3, 5, 11, 26041
List the prime factors of 1365838158.
2, 3, 1579, 144167
What are the prime factors of 13847335?
5, 2769467
What are the prime factors of 143735449?
11, 13, 1005143
What are the prime factors of 54149997?
3, 11, 79, 20771
What are the prime factors of 3825208659?
3, 491, 2596883
What are the prime factors of 16314086?
2, 8157043
What are the prime factors of 59457987?
3, 6606443
What are the prime factors of 61694206?
2, 7, 233, 18913
What are the prime factors of 1820889733?
13, 140068441
List the prime factors of 41112542.
2, 19, 283, 3823
What are the prime factors of 42904097?
2393, 17929
What are the prime factors of 792723813?
3, 7, 5392679
List the prime factors of 1657165.
5, 271, 1223
List the prime factors of 219783836.
2, 43, 1277813
List the prime factors of 129283431.
3, 43094477
What are the prime factors of 512609330?
2, 5, 17, 3015349
What are the prime factors of 1321875461?
31307, 42223
What are the prime factors of 467260232?
2, 17, 131, 26227
List the prime factors of 4588627172.
2, 199, 5764607
List the prime factors of 53563935.
3, 5, 131, 27259
List the prime factors of 77870091.
3, 13, 53, 101, 373
L